{"id":46,"date":"2025-12-22T14:30:16","date_gmt":"2025-12-22T13:30:16","guid":{"rendered":"https:\/\/missions.bisbatdeterrassa.org\/index.php\/our-bread\/"},"modified":"2026-01-13T12:54:03","modified_gmt":"2026-01-13T11:54:03","slug":"quien-somos","status":"publish","type":"page","link":"https:\/\/missions.bisbatdeterrassa.org\/index.php\/quien-somos\/","title":{"rendered":"Qui\u00e9n somos"},"content":{"rendered":"\t\t<div data-elementor-type=\"wp-page\" data-elementor-id=\"46\" class=\"elementor elementor-46\" data-elementor-post-type=\"page\">\n\t\t\t\t<div class=\"elementor-element elementor-element-b4f5616 e-flex e-con-boxed e-con e-parent\" data-id=\"b4f5616\" data-element_type=\"container\" data-e-type=\"container\">\n\t\t\t\t\t<div class=\"e-con-inner\">\n\t\t\t\t<div class=\"elementor-element elementor-element-74c6683 elementor-invisible elementor-widget elementor-widget-heading\" data-id=\"74c6683\" data-element_type=\"widget\" data-e-type=\"widget\" data-settings=\"{&quot;_animation&quot;:&quot;fadeIn&quot;,&quot;_animation_delay&quot;:&quot;300&quot;}\" data-widget_type=\"heading.default\">\n\t\t\t\t\t<h2 class=\"elementor-heading-title elementor-size-default\">Qui\u00e9n somos<\/h2>\t\t\t\t<\/div>\n\t\t\t\t<div class=\"elementor-element elementor-element-4f951b1 elementor-widget-divider--view-line elementor-widget elementor-widget-divider\" data-id=\"4f951b1\" data-element_type=\"widget\" data-e-type=\"widget\" data-widget_type=\"divider.default\">\n\t\t\t\t\t\t\t<div class=\"elementor-divider\">\n\t\t\t<span class=\"elementor-divider-separator\">\n\t\t\t\t\t\t<\/span>\n\t\t<\/div>\n\t\t\t\t\t\t<\/div>\n\t\t\t\t<div class=\"elementor-element elementor-element-6b732ea elementor-widget__width-initial elementor-invisible elementor-widget elementor-widget-heading\" data-id=\"6b732ea\" data-element_type=\"widget\" data-e-type=\"widget\" data-settings=\"{&quot;_animation&quot;:&quot;fadeIn&quot;}\" data-widget_type=\"heading.default\">\n\t\t\t\t\t<h6 class=\"elementor-heading-title elementor-size-default\">La Delegaci\u00f3n Episcopal de Misiones, bajo el manto de las Pontificias Sociedades de Misi\u00f3n, es el instrumento principal de la Di\u00f3cesis de Terrassa para atender las grandes necesidades que los misioneros se encuentran en su labor de evangelizaci\u00f3n en todo el mundo y, al mismo tiempo, dinamizan la actividad misionera en la di\u00f3cesis.<\/h6>\t\t\t\t<\/div>\n\t\t\t\t\t<\/div>\n\t\t\t\t<\/div>\n\t\t<div class=\"elementor-element elementor-element-5517f250 e-con-full e-flex e-con e-parent\" data-id=\"5517f250\" data-element_type=\"container\" data-e-type=\"container\" data-settings=\"{&quot;background_background&quot;:&quot;classic&quot;}\">\n\t\t\t\t<div class=\"elementor-element elementor-element-50ae7fb elementor-widget__width-initial elementor-widget elementor-widget-image\" data-id=\"50ae7fb\" data-element_type=\"widget\" data-e-type=\"widget\" data-widget_type=\"image.default\">\n\t\t\t\t\t\t\t\t\t\t\t\t\t\t\t<img fetchpriority=\"high\" decoding=\"async\" width=\"800\" height=\"699\" src=\"https:\/\/missions.bisbatdeterrassa.org\/wp-content\/uploads\/2026\/01\/Imagen-destacada-OMP-web-site-4.jpg\" class=\"attachment-large size-large wp-image-350\" alt=\"\" \/>\t\t\t\t\t\t\t\t\t\t\t\t\t\t\t<\/div>\n\t\t\t\t<div class=\"elementor-element elementor-element-599396f elementor-blockquote--skin-boxed elementor-blockquote--align-center elementor-widget elementor-widget-blockquote\" data-id=\"599396f\" data-element_type=\"widget\" data-e-type=\"widget\" data-widget_type=\"blockquote.default\">\n\t\t\t\t\t\t\t<blockquote class=\"elementor-blockquote\">\n\t\t\t<p class=\"elementor-blockquote__content\">\n\t\t\t\t\"Las Obras Misionales Pontificias son efectivamente el \u00abprincipal medio\u00bb para avivar la responsabilidad misionera entre todos los bautizados y sostener a las comunidades eclesiales en las zonas donde la Iglesia es joven (cf. Decreto Ad gentes, 38). Esto lo vemos en la Obra para la Propagaci\u00f3n de la Fe, que proporciona apoyo para los programas pastorales y catequ\u00e9ticos, la construcci\u00f3n de nuevas iglesias, asistencia sanitaria y necesidades educativas en los territorios de misi\u00f3n. La Obra de la Santa Infancia, del mismo modo, sostiene programas de formaci\u00f3n cristiana para ni\u00f1os, adem\u00e1s de atender sus necesidades b\u00e1sicas y velar por su protecci\u00f3n. Asimismo, la Obra de San Pedro Ap\u00f3stol ayuda a cultivar las vocaciones misioneras, tanto sacerdotales como religiosas.\"\t\t\t<\/p>\n\t\t\t\t\t\t\t<div class=\"e-q-footer\">\n\t\t\t\t\t\t\t\t\t\t\t<cite class=\"elementor-blockquote__author\">Discurso del Papa Le\u00f3n XIV a las Obras Misionales Pontificias<\/cite>\n\t\t\t\t\t\t\t\t\t\t\t\t\t\t<\/div>\n\t\t\t\t\t<\/blockquote>\n\t\t\t\t\t\t<\/div>\n\t\t\t\t<\/div>\n\t\t\t\t<\/div>\n\t\t","protected":false},"excerpt":{"rendered":"<p>Qui\u00e9n somos La Delegaci\u00f3n Episcopal de Misiones, bajo el manto de las Pontificias Sociedades de Misi\u00f3n, es el instrumento principal de la Di\u00f3cesis de Terrassa para atender las grandes necesidades que los misioneros se encuentran en su labor de evangelizaci\u00f3n en todo el mundo y, al mismo tiempo, dinamizan la actividad misionera en la di\u00f3cesis. [&hellip;]<\/p>\n","protected":false},"author":1,"featured_media":0,"parent":0,"menu_order":0,"comment_status":"closed","ping_status":"closed","template":"elementor_header_footer","meta":{"footnotes":""},"class_list":["post-46","page","type-page","status-publish","hentry"],"_links":{"self":[{"href":"https:\/\/missions.bisbatdeterrassa.org\/index.php\/wp-json\/wp\/v2\/pages\/46","targetHints":{"allow":["GET"]}}],"collection":[{"href":"https:\/\/missions.bisbatdeterrassa.org\/index.php\/wp-json\/wp\/v2\/pages"}],"about":[{"href":"https:\/\/missions.bisbatdeterrassa.org\/index.php\/wp-json\/wp\/v2\/types\/page"}],"author":[{"embeddable":true,"href":"https:\/\/missions.bisbatdeterrassa.org\/index.php\/wp-json\/wp\/v2\/users\/1"}],"replies":[{"embeddable":true,"href":"https:\/\/missions.bisbatdeterrassa.org\/index.php\/wp-json\/wp\/v2\/comments?post=46"}],"version-history":[{"count":18,"href":"https:\/\/missions.bisbatdeterrassa.org\/index.php\/wp-json\/wp\/v2\/pages\/46\/revisions"}],"predecessor-version":[{"id":357,"href":"https:\/\/missions.bisbatdeterrassa.org\/index.php\/wp-json\/wp\/v2\/pages\/46\/revisions\/357"}],"wp:attachment":[{"href":"https:\/\/missions.bisbatdeterrassa.org\/index.php\/wp-json\/wp\/v2\/media?parent=46"}],"curies":[{"name":"wp","href":"https:\/\/api.w.org\/{rel}","templated":true}]}}