{"id":438,"date":"2026-02-10T09:48:14","date_gmt":"2026-02-10T08:48:14","guid":{"rendered":"https:\/\/missions.bisbatdeterrassa.org\/?page_id=438"},"modified":"2026-02-10T09:53:15","modified_gmt":"2026-02-10T08:53:15","slug":"politica-privacidad-2","status":"publish","type":"page","link":"https:\/\/missions.bisbatdeterrassa.org\/index.php\/politica-privacidad-2\/","title":{"rendered":"Pol\u00edtica de privacidad"},"content":{"rendered":"\t\t<div data-elementor-type=\"wp-page\" data-elementor-id=\"438\" class=\"elementor elementor-438\" data-elementor-post-type=\"page\">\n\t\t\t\t<div class=\"elementor-element elementor-element-e077c09 e-flex e-con-boxed e-con e-parent\" data-id=\"e077c09\" data-element_type=\"container\" data-e-type=\"container\">\n\t\t\t\t\t<div class=\"e-con-inner\">\n\t\t\t\t<div class=\"elementor-element elementor-element-c0b8761 elementor-invisible elementor-widget elementor-widget-heading\" data-id=\"c0b8761\" data-element_type=\"widget\" data-e-type=\"widget\" data-settings=\"{&quot;_animation&quot;:&quot;fadeIn&quot;,&quot;_animation_delay&quot;:&quot;300&quot;}\" data-widget_type=\"heading.default\">\n\t\t\t\t\t<h2 class=\"elementor-heading-title elementor-size-default\">Pol\u00edtica de privacidad<\/h2>\t\t\t\t<\/div>\n\t\t\t\t\t<\/div>\n\t\t\t\t<\/div>\n\t\t<div class=\"elementor-element elementor-element-2cdb758 e-flex e-con-boxed e-con e-parent\" data-id=\"2cdb758\" data-element_type=\"container\" data-e-type=\"container\">\n\t\t\t\t\t<div class=\"e-con-inner\">\n\t\t\t\t<div class=\"elementor-element elementor-element-5bbaf7d elementor-widget-divider--view-line elementor-widget elementor-widget-divider\" data-id=\"5bbaf7d\" data-element_type=\"widget\" data-e-type=\"widget\" data-widget_type=\"divider.default\">\n\t\t\t\t\t\t\t<div class=\"elementor-divider\">\n\t\t\t<span class=\"elementor-divider-separator\">\n\t\t\t\t\t\t<\/span>\n\t\t<\/div>\n\t\t\t\t\t\t<\/div>\n\t\t\t\t\t<\/div>\n\t\t\t\t<\/div>\n\t\t<div class=\"elementor-element elementor-element-c7d2b5d e-flex e-con-boxed e-con e-parent\" data-id=\"c7d2b5d\" data-element_type=\"container\" data-e-type=\"container\">\n\t\t\t\t\t<div class=\"e-con-inner\">\n\t\t\t\t<div class=\"elementor-element elementor-element-7675ab5 elementor-widget elementor-widget-text-editor\" data-id=\"7675ab5\" data-element_type=\"widget\" data-e-type=\"widget\" data-widget_type=\"text-editor.default\">\n\t\t\t\t\t\t\t\t\t<h3 data-path-to-node=\"2\">TRATAMIENTO DE DATOS DE CAR\u00c1CTER PERSONAL<\/h3><h4 data-path-to-node=\"3\">1. \u00bfQui\u00e9n es el responsable del tratamiento?<\/h4><p data-path-to-node=\"4\"><b data-path-to-node=\"4\" data-index-in-node=\"0\">Datos de contacto del responsable del tratamiento:<\/b> LA DIOCESI DE TERRASSA con CIF R0801280I, domicilio en la Calle Vinyals N\u00famero 47-49, 08221 Terrassa, Barcelona (Espa\u00f1a) y correo electr\u00f3nico de contacto bisbatdeterrassa@bisbatdeterrassa.org.<\/p><h4 data-path-to-node=\"5\">2.- \u00bfCu\u00e1les son los derechos de protecci\u00f3n de datos de los usuarios?<\/h4><p data-path-to-node=\"6\">Los usuarios pueden solicitar los siguientes derechos:<\/p><ul data-path-to-node=\"7\"><li><p data-path-to-node=\"7,0,0\"><b data-path-to-node=\"7,0,0\" data-index-in-node=\"0\">Derecho a solicitar el acceso a los datos personales:<\/b> usted podr\u00e1 preguntar a LA DIOCESI DE TERRASSA si est\u00e1 tratando sus datos, y en caso afirmativo, acceder a ellos.<\/p><\/li><li><p data-path-to-node=\"7,1,0\"><b data-path-to-node=\"7,1,0\" data-index-in-node=\"0\">Derecho a solicitar su rectificaci\u00f3n<\/b> si los datos son inexactos, o completar los datos que tengamos incompletos.<\/p><\/li><li><p data-path-to-node=\"7,2,0\"><b data-path-to-node=\"7,2,0\" data-index-in-node=\"0\">Derecho a solicitar la supresi\u00f3n<\/b> de sus datos.<\/p><\/li><li><p data-path-to-node=\"7,3,0\"><b data-path-to-node=\"7,3,0\" data-index-in-node=\"0\">Derecho a solicitar la limitaci\u00f3n del tratamiento:<\/b> en este caso solo los conservaremos para el ejercicio o la defensa de reclamaciones.<\/p><\/li><li><p data-path-to-node=\"7,4,0\"><b data-path-to-node=\"7,4,0\" data-index-in-node=\"0\">Derecho a oponerse al tratamiento:<\/b> LA DIOCESI DE TERRASSA dejar\u00e1 de tratar los datos personales, con la excepci\u00f3n de que se deban seguir tratando por motivos leg\u00edtimos o para el ejercicio o la defensa de posibles reclamaciones.<\/p><\/li><li><p data-path-to-node=\"7,5,0\"><b data-path-to-node=\"7,5,0\" data-index-in-node=\"0\">Derecho a la portabilidad de los datos:<\/b> en caso de que el usuario quiera que sus datos sean tratados por otro responsable del tratamiento, LA DIOCESI DE TERRASSA le facilitar\u00e1 el trasvase de sus datos al nuevo responsable.<\/p><\/li><li><p data-path-to-node=\"7,6,0\"><b data-path-to-node=\"7,6,0\" data-index-in-node=\"0\">Derecho a no ser objeto de una decisi\u00f3n basada \u00fanicamente en el tratamiento automatizado<\/b> de sus datos personales.<\/p><\/li><\/ul><p data-path-to-node=\"8\">Si hubiera otorgado el consentimiento para alguna finalidad espec\u00edfica, podr\u00e1 retirarlo cuando lo desee, sin que ello afecte a la licitud d<span class=\"citation-3253 citation-end-3253\">el tratamiento basado en el consentimiento previo a su retirada.<\/span><\/p><p data-path-to-node=\"9\"><span class=\"citation-3252 citation-end-3252\">En cualquier caso, en el momento en que el usuario ejerza sus derechos de supresi\u00f3n, todos los datos personales vinculados a su cuenta, as\u00ed como la informaci\u00f3n y contenidos q<\/span>ue se integren en su perfil ser\u00e1n cancelados. Asimismo, en caso de que el usuario ejerza el derecho de supresi\u00f3n sobre los datos necesarios para que LA DIOCESI DE TERRASSA pueda prestar los servicios del sitio web, LA DIOCESI DE TERRASSA se ver\u00e1 obligado a dar por finalizada su relaci\u00f3n con el usuario, procediendo a darle de baja, sin derecho a ninguna reclamaci\u00f3n por parte de este.<\/p><p data-path-to-node=\"10\">Para ejercitar sus derechos, los usuarios deben enviar una comunicaci\u00f3n por escrito al domicilio social de LA DIOCESI DE TERRASSA o a la direcci\u00f3n de correo electr\u00f3nico indicada en el apartado 1 de esta Pol\u00edtica de Privacidad, incluyendo en ambos casos fotocopia de su DNI u otro documento identificativo equivalente.<\/p><h4 data-path-to-node=\"11\">3. \u00bfC\u00f3mo puede presentar una reclamaci\u00f3n ante la Agencia Espa\u00f1ola de Protecci\u00f3n de Datos?<\/h4><p data-path-to-node=\"12\">Puede utilizar<span class=\"citation-3251 citation-end-3251\"> los modelos y formularios sobre los derechos referidos en el punto anterior dirigi\u00e9ndose a la p\u00e1gina oficial de la Agencia Espa\u00f1ola de Protecci\u00f3n de Datos.<\/span> <b data-path-to-node=\"12\" data-index-in-node=\"171\"><span class=\"citation-3250\">Reclamaci\u00f3n ante la Autoridad de Control:<\/span><\/b><span class=\"citation-3250 citation-end-3250\"> Si conside<\/span>ra que LA DIOCESI DE TERRASSA est\u00e1 manejando sus datos personales de forma inapropiada, puede dirigir sus reclamaciones a LA DIOCESI o a la Autoridad de Control correspondiente. En Espa\u00f1a debe dirigirse ante la Agencia Espa\u00f1ola de Protecci\u00f3n de Datos.<\/p><h4 data-path-to-node=\"13\">4. \u00bfEn qu\u00e9 casos pedimos datos personales sobre usted y de qu\u00e9 tipo son?<\/h4><p data-path-to-node=\"14\">En base a esta Pol\u00edtica de Privacidad, se considera \u00abdato personal\u00bb: cualquier info<span class=\"citation-3248 citation-3249 citation-end-3249\">rmaci\u00f3n que lo identifique a usted o pueda utilizarse para identificarlo, como por ejemplo su nombre, direcci\u00f3n, n\u00famero de tel\u00e9fono o direcci\u00f3n de correo electr\u00f3nico.<\/span><\/p><p data-path-to-node=\"15\"><span class=\"citation-3246 citation-3247 citation-end-3247\">Si usted decide proporcionarnos sus dat<\/span><span class=\"citation-3246 citation-end-3246\">os personales, LA DIOC<\/span>ESI DE TERRASSA podr\u00e1 disponer de los datos que figuren en cada uno de los formularios que usted rellene o los que nos proporcione en las diferentes cuentas de correo electr\u00f3nico que LA DIOCESI DE TERRASSA pone a su disposici\u00f3n para ponerse en contacto con nosotros.<\/p><p data-path-to-node=\"16\">Estos datos son tratados cuando usted interact\u00fae con LA DIOCESI DE TERRASSA; cuando participe o solicite que se le considere para participar en actividades relacionadas con LA DIOCESI DE TERRASSA; cuando interact\u00fae con el sitio web al solicit\u00e1rsele que proporcione datos personales, tal como se descri<span class=\"citation-3244 citation-3245 citation-end-3245\">be en esta Pol\u00edtica de Privacidad y Pol\u00edtica de Cookies; al inscribirse en nuestro sitio web o utilizar ciertas funcionalidades sin inscribirse, como participar en nuestros servicios interactivos.<\/span><\/p><ul data-path-to-node=\"17\"><li><p data-path-to-node=\"17,0,0\"><b data-path-to-node=\"17,0,0\" data-index-in-node=\"0\"><span class=\"citation-3242 citation-3243 citation-end-3243\">a) Da<\/span><span class=\"citation-3242 citation-end-3242\">tos persona<\/span>les que el usuario facilita voluntariamente:<\/b><\/p><ul data-path-to-node=\"17,0,1\"><li><p data-path-to-node=\"17,0,1,0,0\">Email.<\/p><\/li><li><p data-path-to-node=\"17,0,1,1,0\">Cualquier informaci\u00f3n dispensada mediante email o formularios en l\u00ednea.<\/p><\/li><\/ul><\/li><li><p data-path-to-node=\"17,1,0\"><b data-path-to-node=\"17,1,0\" data-index-in-node=\"0\">b) Datos personales que la web obtiene de su ordenador o dispositivo electr\u00f3nico:<\/b><\/p><ul data-path-to-node=\"17,1,1\"><li><p data-path-to-node=\"17,1,1,0,0\">Cookies, solo para <a class=\"ng-star-inserted\" href=\"https:\/\/www.bisbatdeterrassa.org\/\" target=\"_blank\" rel=\"noopener\" data-hveid=\"0\" data-ved=\"0CAAQ_4QMahcKEwiQrdTvxM6SAxUAAAAAHQAAAAAQOg\">https:\/\/www.bisbatdeterrassa.org\/<\/a><\/p><\/li><\/ul><\/li><\/ul><p data-path-to-node=\"18\">Si desea m\u00e1s informaci\u00f3n sobre el uso de cookies por parte de LA DIOCESI DE TERRASSA, consulte nuestra Pol\u00edtica de Cookies.<\/p><h4 data-path-to-node=\"19\">5. \u00bfC\u00f3mo usamos los datos personales de usuarios?<\/h4><p data-path-to-node=\"20\">LA DIOCESI DE TERRASSA comunica a los usuarios a los que aplique, que los datos personales que nos faciliten y captemos ser\u00e1n identificados en el Registro de Actividades de Tratamiento titularidad de LA DIOCESI DE TERRASSA, siendo empleados con el prop\u00f3sito de:<\/p><ul data-path-to-node=\"21\"><li><p data-path-to-node=\"21,0,0\">Responder a las consultas o solicitudes de informaci\u00f3n que puedan realizar los usuarios.<\/p><\/li><li><p data-path-to-node=\"21,1,0\">En caso de que el usuario haya marcado la casilla correspondiente a estos efectos, mantenerlo informado a trav\u00e9s del env\u00edo de notificaciones\/newsletters por email y\/u otros medios electr\u00f3nicos, cuyo contenido versar\u00e1 principalmente sobre nuestros servicios, actividades, proyectos, actualizaciones y nuevas caracter\u00edsticas del sitio web.<\/p><\/li><li><p data-path-to-node=\"21,2,0\">Utilizarlos para cualquier otra finalidad exigida o permitida por la legislaci\u00f3n aplicable o para la cual usted haya prestado su consentimiento.<\/p><\/li><\/ul><h4 data-path-to-node=\"22\">6. \u00bfPor qu\u00e9 tratamos sus datos de car\u00e1cter personal?<\/h4><p data-path-to-node=\"23\">LA DIOCESI DE TERRASSA puede tratar sus datos personales bas\u00e1ndose en cualquiera de las bases legales siguientes: (A) fines comerciales leg\u00edtimos; (B) cuando haya dado su consentimiento; (C) cuando sea necesario para cumplir las obligaciones legales y reglamentarias y (D) seg\u00fan sea necesario para el cumplimiento de un contrato del que usted sea parte.<\/p><p data-path-to-node=\"24\"><b data-path-to-node=\"24\" data-index-in-node=\"0\">FINES COMERCIALES LEG\u00cdTIMOS DE LA DIOCESI DE TERRASSA<\/b><\/p><ul data-path-to-node=\"25\"><li><p data-path-to-node=\"25,0,0\">Promoci\u00f3n y evaluaci\u00f3n de los servicios de LA DIOCESI DE TERRASSA.<\/p><\/li><\/ul><p data-path-to-node=\"26\"><b data-path-to-node=\"26\" data-index-in-node=\"0\">ACTIVIDADES DE TRATAMIENTO<\/b><\/p><ul data-path-to-node=\"27\"><li><p data-path-to-node=\"27,0,0\">Respuesta a solicitudes de informaci\u00f3n t\u00e9cnica y operativa de la Web, as\u00ed como relacionadas con los servicios ofrecidos por LA DIOCESI DE TERRASSA.<\/p><\/li><li><p data-path-to-node=\"27,1,0\">Identificarlo y contactarlo.<\/p><\/li><\/ul><p data-path-to-node=\"28\"><b data-path-to-node=\"28\" data-index-in-node=\"0\">GESTIONAR Y CUMPLIR CON UN CONTRATO<\/b> Para gestionar nuestra relaci\u00f3n a trav\u00e9s de la web en virtud de cualquier documento aceptado\/suscrito por el usuario.<\/p><p data-path-to-node=\"29\"><b data-path-to-node=\"29\" data-index-in-node=\"0\">CUMPLIR CON LAS OBLIGACIONES LEGALES Y REGULATORIAS<\/b> Cualesquiera que le sean aplicables y est\u00e9n en vigor en cada momento.<\/p><p data-path-to-node=\"30\"><b data-path-to-node=\"30\" data-index-in-node=\"0\">CONSENTIMIENTO<\/b> Prestado por el propio usuario para la captaci\u00f3n y el tratamiento de sus datos personales.<\/p><h4 data-path-to-node=\"31\">7. \u00bfQui\u00e9n podr\u00e1 acceder a sus datos de car\u00e1cter personal?<\/h4><p data-path-to-node=\"32\">Dependiendo de las finalidades para las que se recopila la informaci\u00f3n personal, pueden acceder a esta informaci\u00f3n, indistintamente, las personas siguientes:<\/p><ul data-path-to-node=\"33\"><li><p data-path-to-node=\"33,0,0\">Personal autorizado de LA DIOCESI DE TERRASSA o sus representantes actuando en nombre de LA DIOCESI DE TERRASSA, sujetos a las leyes de protecci\u00f3n de datos que sean aplicables.<\/p><\/li><li><p data-path-to-node=\"33,1,0\">Aut<span class=\"citation-3241 citation-end-3241\">oridades reguladoras u otros terceros de conformidad con las leyes aplicables.<\/span><\/p><\/li><li><p data-path-to-node=\"33,2,0\"><span class=\"citation-3240 citation-end-3240\">Terceros (proveedores de servicios que procesan informaci\u00f3n como encargado de tratamiento de datos, bajo las instrucciones de<\/span> LA DIOCESI DE TERRASSA). Todo esto solo despu\u00e9s de llevar a cabo las medidas necesarias para asegurar que podemos compartir esta informaci\u00f3n en cumplimiento de las leyes de protecci\u00f3n de datos aplicables.<\/p><\/li><\/ul><p data-path-to-node=\"34\">No venderemos ni divulgaremos a terceros ninguna informaci\u00f3n o dato personal que usted nos haya proporcionado y que pueda identificarlo directa o indirectamente.<\/p><h4 data-path-to-node=\"35\">8. \u00bfD\u00f3nde se tratan sus datos personales?<\/h4><p data-path-to-node=\"36\">Ciertos proveedores y prestadores de servicios como servidores de correo electr\u00f3nico pueden tener personal o sistemas ubicados fuera del Espacio Econ\u00f3mico Europeo (EEE). Por tanto, puede ser que LA DIOCESI DE TERRASSA lleve a cabo transferencias internacionales de datos personales fuera del Espacio Econ\u00f3mico Europeo (EEE). En caso de que estas transferencias se realizasen, LA DIOCESI DE TERRASSA lo har\u00eda en cumplimiento con las leyes de protecci\u00f3n de datos aplicables. Independientemente del lugar donde se recojan o se traten sus datos personales, LA DIOCESI DE TERRASSA vela y garantiza que los proveedores de servicio mantengan las medidas de seguridad administrativas, t\u00e9cnicas y f\u00edsicas apropiadas para proteger la informaci\u00f3n sobre usted.<\/p><h4 data-path-to-node=\"37\">9. \u00bfC\u00f3mo protegemos sus datos personales?<\/h4><p data-path-to-node=\"38\">LA DIOCESI DE TERRASSA mantiene los niveles de seguridad de protecci\u00f3n de sus datos requeridos por la normativa vigente en cada momento, y ha establecido todos los medios t\u00e9cnicos a su alcance para evitar la p\u00e9rdida, mal uso, alteraci\u00f3n, a<span class=\"citation-3238 citation-3239 citation-end-3239\">cceso no autorizado y robo de los datos que el usuario facilite a trav\u00e9s del sitio web.<\/span><\/p><p data-path-to-node=\"39\"><span class=\"citation-3236 citation-3237 citation-end-3237\">En cualquier caso, hemos implementado medidas que consideramos adecuadas para proteger su informaci\u00f3n, tanto interna como externamente, contra la p\u00e9rd<\/span><span class=\"citation-3236 citation-end-3236\">ida, el uso indebido, el acceso no autorizado, la divulgaci\u00f3n, la alteraci\u00f3n y la destrucci\u00f3n, y para garantizar la integridad de los d<\/span>atos que recopilamos. LA DIOCESI DE TERRASSA tomar\u00e1 medidas t\u00e9cnicas y organizativas adecuadas para preservar la seguridad e impedir procesamientos no autorizados. Sin embargo, a pesar de la implementaci\u00f3n diligente de estas medidas, el usuario debe saber que las medidas de seguridad en Internet no son inexpugnables.<\/p><p data-path-to-node=\"40\">Los terceros solo procesar\u00e1n sus datos personales seg\u00fan nuestras instrucciones y cuando hayan acordado tratar la informaci\u00f3n de forma confidencial y mantenerla segura.<\/p><h4 data-path-to-node=\"41\">10. \u00bfDurante cu\u00e1nto tiempo conservaremos sus datos personales?<\/h4><p data-path-to-node=\"42\">LA DIOCESI DE TERRASSA procesa sus datos personales durante el per\u00edodo necesario para cumplir los fines establecidos en esta Pol\u00edtica de Privacidad, as\u00ed como para <span class=\"citation-3235 citation-end-3235\">conservar su informaci\u00f3n personal en cumplimiento de las disposiciones de las leyes y normativas pertinentes.<\/span><\/p><p data-path-to-node=\"43\"><span class=\"citation-3234 citation-end-3234\">El criterio que seguimos para ello viene determinado por:<\/span><\/p><ul data-path-to-node=\"44\"><li><p data-path-to-node=\"44,0,0\"><span class=\"citation-3233 citation-end-3233\">La finalidad de los datos recopilad<\/span>os y el cumplimiento de dicha finalidad.<\/p><\/li><li><p data-path-to-node=\"44,1,0\">Las razones por las que los datos se recopilan: ej., en caso de consentimiento, puede revocarlo en cualquier momento.<\/p><\/li><li><p data-path-to-node=\"44,2,0\">Periodos de almacenamiento obligatorios seg\u00fan los requisitos contractuales y normativos.<\/p><\/li><\/ul><p data-path-to-node=\"45\">Tenga presente que en algunos casos LA DIOCESI DE TERRASSA est\u00e1 obligada a conservar ciertos datos sobre usted.<\/p><h4 data-path-to-node=\"46\">11. Confidencialidad<\/h4><p data-path-to-node=\"47\">Los profesionales que trabajan en LA DIOCESI DE TERRASSA y que tuvie<span class=\"citation-3231 citation-3232 citation-end-3232\">ran alg\u00fan tipo de intervenci\u00f3n en los servicios prestados al usuario, est\u00e1n comprometidos a no divulgar ni hacer uso de la informaci\u00f3n a la que hayan accedido. La informaci\u00f3n suministrada por el usuario tendr\u00e1, en todo caso, la cons<\/span><span class=\"citation-3231 citation-end-3231\">ideraci\u00f3n de confidencial, sin que pueda ser uti<\/span>lizada para otros fines que los relacionados con la gesti\u00f3n vinculada a sus solicitudes y a los servicios contratados a LA DIOCESI DE TERRASSA, si procede. En este sentido, nos obligamos a no divulgar ni revelar informaci\u00f3n sobre las pretensiones del usuario, los motivos del asesoramiento solicitado o la duraci\u00f3n de la relaci\u00f3n con este.<\/p><h4 data-path-to-node=\"48\">12. Redes sociales<\/h4><p data-path-to-node=\"49\">LA DIOCESI DE TERRASSA tiene presencia en algunas de las principales redes sociales de Internet, y de las que act\u00faa como responsable del tratamiento en relaci\u00f3n con los datos publicados por LA DIOCESI DE TERRASSA.<\/p><p data-path-to-node=\"50\">LA DIOCESI DE TERRASSA tratar\u00e1 los datos en cada red social seg\u00fan las normas establecidas a tal efecto por cada red social. Por tanto, y mientras no se manifieste lo contrario desde LA DIOCESI DE TERRASSA podremos in<span class=\"citation-3230 citation-end-3230\">formar a nuestros seguidores en la red social correspondiente de nuestras actividades, eventos, y otros temas relacionados, incluida la atenci\u00f3n al seguidor, por los canales que la red social proporcione a t<\/span>al efecto.<\/p><p data-path-to-node=\"51\">LA DIOCESI DE TERRASSA no extraer\u00e1 datos personales de las redes sociales, a menos que el usuario nos d\u00e9 su consentimiento expreso.<\/p><h4 data-path-to-node=\"52\">13. Categor\u00eda especial <span class=\"citation-3229 citation-end-3229\">de datos personales<\/span><\/h4><p data-path-to-node=\"53\"><span class=\"citation-3228 citation-end-3228\">No recabaremos ni procesaremos cualesquiera datos personales especialmente sensibles o incluidos en la categor\u00eda especial de datos personales de los usuarios, a menos que estos nos<\/span> los hayan proporciona<span class=\"citation-3227 citation-end-3227\">do expl\u00edcitamente. Las categor\u00edas especiales de datos personales hacen referencia a informaci\u00f3n relacionada con raza u origen \u00e9tnico, opiniones pol\u00edticas, creencias religiosas o filos\u00f3ficas u otras creencias de naturaleza similar, afiliaci\u00f3n a sindicatos, datos gen\u00e9ticos, datos biom\u00e9tricos para las fina<\/span>lidades exclusivas de identifi<span class=\"citation-3226 citation-end-3226\">caci\u00f3n de una persona f\u00edsica, datos de salud, vida sexual u orientaci\u00f3n sexual.<\/span><\/p><h4 data-path-to-node=\"54\"><span class=\"citation-3225\">14. Pol\u00edtica so<\/span><span class=\"citation-3224 citation-3225 citation-end-3225\">bre uso infantil<\/span><\/h4><p data-path-to-node=\"55\"><span class=\"citation-3222 citation-3223 citation-end-3223\">Este sitio web no est\u00e1 dise\u00f1ado ni dirigido a ni\u00f1os menores de dieciocho (18) a\u00f1os, sin autor<\/span><span class=\"citation-3222 citation-end-3222\">izaci\u00f3n de los padres o tutor legal. En este sentido, no recopilamos deliberadamente inf<\/span>ormaci\u00f3n de las personas mencionadas. En cualquier caso, si los padres o representantes legales consideran que sus hijos nos han remitido datos personales sin su consentimiento, p\u00f3ngase en contacto con nosotros escribiendo a protecciodades@bisbatdeterrassa.org.<\/p><h4 data-path-to-node=\"56\">15. Marketing directo<\/h4><p data-path-to-node=\"57\">No utilizaremos los datos personales de usuarios para fines de marketing directo sin su expreso consentimiento previo.<\/p><p data-path-to-node=\"58\">Si en alg\u00fan momento decide dejar de recibir informaci\u00f3n comercial o promocional de LA DIOCESI DE TERRASSA, puede, sin cargo alguno y sin tener que facilitar una justificaci\u00f3n, darse de baja de campa\u00f1as de marketing directo y oponerse al procesamiento futuro de sus datos personales para estos fines envi\u00e1ndonos un correo electr\u00f3nico a protecciodades@bisbatdeterrassa.org. Tambi\u00e9n puede utilizar el procedimiento de darse de baja proporcionado en cualquier mensaje promocional que reciba por parte de LA DIOCESI DE TERRASSA.<\/p><h4 data-path-to-node=\"59\">16. Toma automa<span class=\"citation-3221 citation-end-3221\">tizada de decisiones<\/span><\/h4><p data-path-to-node=\"60\"><span class=\"citation-3220 citation-end-3220\">No utilizaremos procesos automatizados de toma de decisiones, incluida la elaboraci\u00f3n de perfiles (profiling), a menos que nos haya autorizado expl\u00edcitamente a hacerlo. En este caso,<\/span> le informar\u00edamos sobre la l\u00f3gica utilizada en la decisi\u00f3n, as\u00ed como sobre el significado y las consecuencias previstas de este procesamiento para usted.<\/p><h4 data-path-to-node=\"61\">17. Modificaciones e integridad de nuestra Pol\u00edtica de Privacidad<\/h4><p data-path-to-node=\"62\">Solo utilizaremos sus datos de car\u00e1cter personal seg\u00fan lo establecido en la Pol\u00edtica de Privacidad que est\u00e9 en vigor en el momento en que recabemos sus datos de car\u00e1cter personal. LA DIOCESI DE TERRASSA se reserva el derecho a modificar en cualquier momento esta Pol\u00edtica de Privacidad, publicando estas modificaciones en nuestro sitio web, por lo que le recomendamos que lo visite cada vez que acceda a la Pol\u00edtica de Privacidad. Si en alg\u00fan momento decidimos usar datos personales de manera diferente a lo que se declar\u00f3 en el momento de su obtenci\u00f3n, se lo comunicaremos por correo electr\u00f3nico, siempre que dispongamos del mismo. <span class=\"citation-3219 citation-end-3219\">En ese momento se le dar\u00e1 la opci\u00f3n de autorizar otros usos o divulgaciones de los datos personales que usted nos hubiera facilitado antes de la modificaci\u00f3n de nuestra Pol\u00edtica de Privacidad.<\/span><\/p><p id=\"p-rc_b184fbab3aeafb7c-39\" data-path-to-node=\"63\"><span class=\"citation-3218 citation-end-3218\">En caso de que cualquier cl\u00e1usula de l<\/span>a presente Pol\u00edtica de Privacidad fuese anulada o considerada nula, el resto de condiciones no se ver\u00e1n afectadas, conservando plenamente su validez y vigencia, en atenci\u00f3n a la normativa vigente aplicable en cada momento.<\/p>\t\t\t\t\t\t\t\t<\/div>\n\t\t\t\t\t<\/div>\n\t\t\t\t<\/div>\n\t\t\t\t<\/div>\n\t\t","protected":false},"excerpt":{"rendered":"<p>Pol\u00edtica de privacidad TRATAMIENTO DE DATOS DE CAR\u00c1CTER PERSONAL 1. \u00bfQui\u00e9n es el responsable del tratamiento? Datos de contacto del responsable del tratamiento: LA DIOCESI DE TERRASSA con CIF R0801280I, domicilio en la Calle Vinyals N\u00famero 47-49, 08221 Terrassa, Barcelona (Espa\u00f1a) y correo electr\u00f3nico de contacto bisbatdeterrassa@bisbatdeterrassa.org. 2.- \u00bfCu\u00e1les son los derechos de protecci\u00f3n de [&hellip;]<\/p>\n","protected":false},"author":1,"featured_media":0,"parent":0,"menu_order":0,"comment_status":"closed","ping_status":"closed","template":"","meta":{"footnotes":""},"class_list":["post-438","page","type-page","status-publish","hentry"],"_links":{"self":[{"href":"https:\/\/missions.bisbatdeterrassa.org\/index.php\/wp-json\/wp\/v2\/pages\/438","targetHints":{"allow":["GET"]}}],"collection":[{"href":"https:\/\/missions.bisbatdeterrassa.org\/index.php\/wp-json\/wp\/v2\/pages"}],"about":[{"href":"https:\/\/missions.bisbatdeterrassa.org\/index.php\/wp-json\/wp\/v2\/types\/page"}],"author":[{"embeddable":true,"href":"https:\/\/missions.bisbatdeterrassa.org\/index.php\/wp-json\/wp\/v2\/users\/1"}],"replies":[{"embeddable":true,"href":"https:\/\/missions.bisbatdeterrassa.org\/index.php\/wp-json\/wp\/v2\/comments?post=438"}],"version-history":[{"count":5,"href":"https:\/\/missions.bisbatdeterrassa.org\/index.php\/wp-json\/wp\/v2\/pages\/438\/revisions"}],"predecessor-version":[{"id":443,"href":"https:\/\/missions.bisbatdeterrassa.org\/index.php\/wp-json\/wp\/v2\/pages\/438\/revisions\/443"}],"wp:attachment":[{"href":"https:\/\/missions.bisbatdeterrassa.org\/index.php\/wp-json\/wp\/v2\/media?parent=438"}],"curies":[{"name":"wp","href":"https:\/\/api.w.org\/{rel}","templated":true}]}}